{"id":5397,"date":"2025-04-29T15:33:32","date_gmt":"2025-04-29T13:33:32","guid":{"rendered":"https:\/\/electro-test.be\/?post_type=event&#038;p=5397"},"modified":"2025-04-29T15:33:32","modified_gmt":"2025-04-29T13:33:32","slug":"municipalia-2024","status":"publish","type":"event","link":"https:\/\/electro-test.be\/fr\/event\/municipalia-2024\/","title":{"rendered":"Municipalia 2024"},"content":{"rendered":"<p data-start=\"0\" data-end=\"66\"><strong data-start=\"0\" data-end=\"64\">Retour sur Municipalia 2024 &#8211; Deux journ\u00e9es enrichissantes !<\/strong><\/p>\n<p data-start=\"68\" data-end=\"355\">Les <strong data-start=\"72\" data-end=\"95\">18 et 19 avril 2024<\/strong>, nous avons particip\u00e9 \u00e0 <a href=\"https:\/\/www.municipalia.be\/actualite\/merci\"><strong data-start=\"120\" data-end=\"135\">Municipalia<\/strong><\/a>, l\u2019\u00e9v\u00e9nement incontournable o\u00f9 les pouvoirs locaux et les entreprises se r\u00e9unissent pour fa\u00e7onner l\u2019avenir. Cette \u00e9dition nous a permis d\u2019accueillir de nombreux <strong data-start=\"297\" data-end=\"336\">d\u00e9cideurs, entrepreneurs et experts<\/strong> sur notre stand.<\/p>\n<p data-start=\"357\" data-end=\"750\">Avec <strong data-start=\"362\" data-end=\"387\">plus de 400 exposants<\/strong> et un programme de conf\u00e9rences vari\u00e9, Municipalia 2024 a offert un cadre inspirant pour \u00e9changer sur des sujets cl\u00e9s tels que <strong data-start=\"514\" data-end=\"608\">la mobilit\u00e9, l\u2019\u00e9nergie, la digitalisation, les infrastructures et le d\u00e9veloppement durable<\/strong>. Nous avons eu l\u2019occasion d\u2019engager des discussions passionnantes, d\u2019\u00e9tablir des contacts pr\u00e9cieux et de pr\u00e9senter nos derni\u00e8res solutions.<\/p>\n<p data-start=\"752\" data-end=\"972\">Nous gardons un excellent souvenir de cette \u00e9dition r\u00e9ussie et remercions chaleureusement tous ceux qui nous ont rendu visite. Nous avons h\u00e2te de vous retrouver pour <strong data-start=\"918\" data-end=\"968\"><a href=\"https:\/\/electro-test.be\/fr\/event\/municipalia-2025\/\">Municipalia 2025!<\/a><\/strong><\/p>\n","protected":false},"featured_media":5298,"template":"","timing":[35],"class_list":["post-5397","event","type-event","status-publish","has-post-thumbnail","hentry","timing-afgelopen-evenementen"],"acf":[],"yoast_head":"<!-- This site is optimized with the Yoast SEO plugin v27.4 - https:\/\/yoast.com\/product\/yoast-seo-wordpress\/ -->\n<title>Municipalia 2024 - Electro-Test<\/title>\n<meta name=\"description\" content=\"Deux journ\u00e9es enrichissantes d\u2019\u00e9changes et d\u2019innovations autour de la mobilit\u00e9, l\u2019\u00e9nergie et la digitalisation\" \/>\n<meta name=\"robots\" content=\"index, follow, max-snippet:-1, max-image-preview:large, max-video-preview:-1\" \/>\n<link rel=\"canonical\" href=\"https:\/\/electro-test.be\/fr\/event\/municipalia-2024\/\" \/>\n<meta property=\"og:locale\" content=\"fr_FR\" \/>\n<meta property=\"og:type\" content=\"article\" \/>\n<meta property=\"og:title\" content=\"Municipalia 2024 - Electro-Test\" \/>\n<meta property=\"og:description\" content=\"Deux journ\u00e9es enrichissantes d\u2019\u00e9changes et d\u2019innovations autour de la mobilit\u00e9, l\u2019\u00e9nergie et la digitalisation\" \/>\n<meta property=\"og:url\" content=\"https:\/\/electro-test.be\/fr\/event\/municipalia-2024\/\" \/>\n<meta property=\"og:site_name\" content=\"Electro-Test\" \/>\n<meta name=\"twitter:card\" content=\"summary_large_image\" \/>\n<meta name=\"twitter:label1\" content=\"Dur\u00e9e de lecture estim\u00e9e\" \/>\n\t<meta name=\"twitter:data1\" content=\"1 minute\" \/>\n<script type=\"application\/ld+json\" class=\"yoast-schema-graph\">{\"@context\":\"https:\\\/\\\/schema.org\",\"@graph\":[{\"@type\":\"WebPage\",\"@id\":\"https:\\\/\\\/electro-test.be\\\/fr\\\/event\\\/municipalia-2024\\\/\",\"url\":\"https:\\\/\\\/electro-test.be\\\/fr\\\/event\\\/municipalia-2024\\\/\",\"name\":\"Municipalia 2024 - Electro-Test\",\"isPartOf\":{\"@id\":\"https:\\\/\\\/electro-test.be\\\/fr\\\/#website\"},\"primaryImageOfPage\":{\"@id\":\"https:\\\/\\\/electro-test.be\\\/fr\\\/event\\\/municipalia-2024\\\/#primaryimage\"},\"image\":{\"@id\":\"https:\\\/\\\/electro-test.be\\\/fr\\\/event\\\/municipalia-2024\\\/#primaryimage\"},\"thumbnailUrl\":\"https:\\\/\\\/electro-test.be\\\/wp-content\\\/uploads\\\/2025\\\/02\\\/IMG_8254-2-scaled.jpg\",\"datePublished\":\"2025-04-29T13:33:32+00:00\",\"description\":\"Deux journ\u00e9es enrichissantes d\u2019\u00e9changes et d\u2019innovations autour de la mobilit\u00e9, l\u2019\u00e9nergie et la digitalisation\",\"inLanguage\":\"fr-FR\",\"potentialAction\":[{\"@type\":\"ReadAction\",\"target\":[\"https:\\\/\\\/electro-test.be\\\/fr\\\/event\\\/municipalia-2024\\\/\"]}]},{\"@type\":\"ImageObject\",\"inLanguage\":\"fr-FR\",\"@id\":\"https:\\\/\\\/electro-test.be\\\/fr\\\/event\\\/municipalia-2024\\\/#primaryimage\",\"url\":\"https:\\\/\\\/electro-test.be\\\/wp-content\\\/uploads\\\/2025\\\/02\\\/IMG_8254-2-scaled.jpg\",\"contentUrl\":\"https:\\\/\\\/electro-test.be\\\/wp-content\\\/uploads\\\/2025\\\/02\\\/IMG_8254-2-scaled.jpg\",\"width\":2000,\"height\":1500},{\"@type\":\"WebSite\",\"@id\":\"https:\\\/\\\/electro-test.be\\\/fr\\\/#website\",\"url\":\"https:\\\/\\\/electro-test.be\\\/fr\\\/\",\"name\":\"Electro-Test\",\"description\":\"\",\"publisher\":{\"@id\":\"https:\\\/\\\/electro-test.be\\\/fr\\\/#organization\"},\"potentialAction\":[{\"@type\":\"SearchAction\",\"target\":{\"@type\":\"EntryPoint\",\"urlTemplate\":\"https:\\\/\\\/electro-test.be\\\/fr\\\/?s={search_term_string}\"},\"query-input\":{\"@type\":\"PropertyValueSpecification\",\"valueRequired\":true,\"valueName\":\"search_term_string\"}}],\"inLanguage\":\"fr-FR\"},{\"@type\":\"Organization\",\"@id\":\"https:\\\/\\\/electro-test.be\\\/fr\\\/#organization\",\"name\":\"electroTEST\",\"url\":\"https:\\\/\\\/electro-test.be\\\/fr\\\/\",\"logo\":{\"@type\":\"ImageObject\",\"inLanguage\":\"fr-FR\",\"@id\":\"https:\\\/\\\/electro-test.be\\\/fr\\\/#\\\/schema\\\/logo\\\/image\\\/\",\"url\":\"https:\\\/\\\/electro-test.be\\\/wp-content\\\/uploads\\\/2022\\\/06\\\/Logo_ET_NL-FR.svg\",\"contentUrl\":\"https:\\\/\\\/electro-test.be\\\/wp-content\\\/uploads\\\/2022\\\/06\\\/Logo_ET_NL-FR.svg\",\"width\":\"1024\",\"height\":\"1024\",\"caption\":\"electroTEST\"},\"image\":{\"@id\":\"https:\\\/\\\/electro-test.be\\\/fr\\\/#\\\/schema\\\/logo\\\/image\\\/\"}}]}<\/script>\n<!-- \/ Yoast SEO plugin. -->","yoast_head_json":{"title":"Municipalia 2024 - Electro-Test","description":"Deux journ\u00e9es enrichissantes d\u2019\u00e9changes et d\u2019innovations autour de la mobilit\u00e9, l\u2019\u00e9nergie et la digitalisation","robots":{"index":"index","follow":"follow","max-snippet":"max-snippet:-1","max-image-preview":"max-image-preview:large","max-video-preview":"max-video-preview:-1"},"canonical":"https:\/\/electro-test.be\/fr\/event\/municipalia-2024\/","og_locale":"fr_FR","og_type":"article","og_title":"Municipalia 2024 - Electro-Test","og_description":"Deux journ\u00e9es enrichissantes d\u2019\u00e9changes et d\u2019innovations autour de la mobilit\u00e9, l\u2019\u00e9nergie et la digitalisation","og_url":"https:\/\/electro-test.be\/fr\/event\/municipalia-2024\/","og_site_name":"Electro-Test","twitter_card":"summary_large_image","twitter_misc":{"Dur\u00e9e de lecture estim\u00e9e":"1 minute"},"schema":{"@context":"https:\/\/schema.org","@graph":[{"@type":"WebPage","@id":"https:\/\/electro-test.be\/fr\/event\/municipalia-2024\/","url":"https:\/\/electro-test.be\/fr\/event\/municipalia-2024\/","name":"Municipalia 2024 - Electro-Test","isPartOf":{"@id":"https:\/\/electro-test.be\/fr\/#website"},"primaryImageOfPage":{"@id":"https:\/\/electro-test.be\/fr\/event\/municipalia-2024\/#primaryimage"},"image":{"@id":"https:\/\/electro-test.be\/fr\/event\/municipalia-2024\/#primaryimage"},"thumbnailUrl":"https:\/\/electro-test.be\/wp-content\/uploads\/2025\/02\/IMG_8254-2-scaled.jpg","datePublished":"2025-04-29T13:33:32+00:00","description":"Deux journ\u00e9es enrichissantes d\u2019\u00e9changes et d\u2019innovations autour de la mobilit\u00e9, l\u2019\u00e9nergie et la digitalisation","inLanguage":"fr-FR","potentialAction":[{"@type":"ReadAction","target":["https:\/\/electro-test.be\/fr\/event\/municipalia-2024\/"]}]},{"@type":"ImageObject","inLanguage":"fr-FR","@id":"https:\/\/electro-test.be\/fr\/event\/municipalia-2024\/#primaryimage","url":"https:\/\/electro-test.be\/wp-content\/uploads\/2025\/02\/IMG_8254-2-scaled.jpg","contentUrl":"https:\/\/electro-test.be\/wp-content\/uploads\/2025\/02\/IMG_8254-2-scaled.jpg","width":2000,"height":1500},{"@type":"WebSite","@id":"https:\/\/electro-test.be\/fr\/#website","url":"https:\/\/electro-test.be\/fr\/","name":"Electro-Test","description":"","publisher":{"@id":"https:\/\/electro-test.be\/fr\/#organization"},"potentialAction":[{"@type":"SearchAction","target":{"@type":"EntryPoint","urlTemplate":"https:\/\/electro-test.be\/fr\/?s={search_term_string}"},"query-input":{"@type":"PropertyValueSpecification","valueRequired":true,"valueName":"search_term_string"}}],"inLanguage":"fr-FR"},{"@type":"Organization","@id":"https:\/\/electro-test.be\/fr\/#organization","name":"electroTEST","url":"https:\/\/electro-test.be\/fr\/","logo":{"@type":"ImageObject","inLanguage":"fr-FR","@id":"https:\/\/electro-test.be\/fr\/#\/schema\/logo\/image\/","url":"https:\/\/electro-test.be\/wp-content\/uploads\/2022\/06\/Logo_ET_NL-FR.svg","contentUrl":"https:\/\/electro-test.be\/wp-content\/uploads\/2022\/06\/Logo_ET_NL-FR.svg","width":"1024","height":"1024","caption":"electroTEST"},"image":{"@id":"https:\/\/electro-test.be\/fr\/#\/schema\/logo\/image\/"}}]}},"_links":{"self":[{"href":"https:\/\/electro-test.be\/fr\/wp-json\/wp\/v2\/event\/5397","targetHints":{"allow":["GET"]}}],"collection":[{"href":"https:\/\/electro-test.be\/fr\/wp-json\/wp\/v2\/event"}],"about":[{"href":"https:\/\/electro-test.be\/fr\/wp-json\/wp\/v2\/types\/event"}],"wp:featuredmedia":[{"embeddable":true,"href":"https:\/\/electro-test.be\/fr\/wp-json\/wp\/v2\/media\/5298"}],"wp:attachment":[{"href":"https:\/\/electro-test.be\/fr\/wp-json\/wp\/v2\/media?parent=5397"}],"wp:term":[{"taxonomy":"timing","embeddable":true,"href":"https:\/\/electro-test.be\/fr\/wp-json\/wp\/v2\/timing?post=5397"}],"curies":[{"name":"wp","href":"https:\/\/api.w.org\/{rel}","templated":true}]}}

<p data-start="0" data-end="66"><strong data-start="0" data-end="64">Retour sur Municipalia 2024 &#8211; Deux journées enrichissantes !</strong></p>
<p data-start="68" data-end="355">Les <strong data-start="72" data-end="95">18 et 19 avril 2024</strong>, nous avons participé à <a href="https://www.municipalia.be/actualite/merci"><strong data-start="120" data-end="135">Municipalia</strong></a>, l’événement incontournable où les pouvoirs locaux et les entreprises se réunissent pour façonner l’avenir. Cette édition nous a permis d’accueillir de nombreux <strong data-start="297" data-end="336">décideurs, entrepreneurs et experts</strong> sur notre stand.</p>
<p data-start="357" data-end="750">Avec <strong data-start="362" data-end="387">plus de 400 exposants</strong> et un programme de conférences varié, Municipalia 2024 a offert un cadre inspirant pour échanger sur des sujets clés tels que <strong data-start="514" data-end="608">la mobilité, l’énergie, la digitalisation, les infrastructures et le développement durable</strong>. Nous avons eu l’occasion d’engager des discussions passionnantes, d’établir des contacts précieux et de présenter nos dernières solutions.</p>
<p data-start="752" data-end="972">Nous gardons un excellent souvenir de cette édition réussie et remercions chaleureusement tous ceux qui nous ont rendu visite. Nous avons hâte de vous retrouver pour <strong data-start="918" data-end="968"><a href="https://electro-test.be/fr/event/municipalia-2025/">Municipalia 2025!</a></strong></p>

<!-- This site is optimized with the Yoast SEO plugin v27.4 - https://yoast.com/product/yoast-seo-wordpress/ -->
<title>Municipalia 2024 - Electro-Test</title>
<meta name="description" content="Deux journées enrichissantes d’échanges et d’innovations autour de la mobilité, l’énergie et la digitalisation" />
<meta name="robots" content="index, follow, max-snippet:-1, max-image-preview:large, max-video-preview:-1" />
<link rel="canonical" href="https://electro-test.be/fr/event/municipalia-2024/" />
<meta property="og:locale" content="fr_FR" />
<meta property="og:type" content="article" />
<meta property="og:title" content="Municipalia 2024 - Electro-Test" />
<meta property="og:description" content="Deux journées enrichissantes d’échanges et d’innovations autour de la mobilité, l’énergie et la digitalisation" />
<meta property="og:url" content="https://electro-test.be/fr/event/municipalia-2024/" />
<meta property="og:site_name" content="Electro-Test" />
<meta name="twitter:card" content="summary_large_image" />
<meta name="twitter:label1" content="Durée de lecture estimée" />
	<meta name="twitter:data1" content="1 minute" />
<script type="application/ld+json" class="yoast-schema-graph">{"@context":"https:\/\/schema.org","@graph":[{"@type":"WebPage","@id":"https:\/\/electro-test.be\/fr\/event\/municipalia-2024\/","url":"https:\/\/electro-test.be\/fr\/event\/municipalia-2024\/","name":"Municipalia 2024 - Electro-Test","isPartOf":{"@id":"https:\/\/electro-test.be\/fr\/#website"},"primaryImageOfPage":{"@id":"https:\/\/electro-test.be\/fr\/event\/municipalia-2024\/#primaryimage"},"image":{"@id":"https:\/\/electro-test.be\/fr\/event\/municipalia-2024\/#primaryimage"},"thumbnailUrl":"https:\/\/electro-test.be\/wp-content\/uploads\/2025\/02\/IMG_8254-2-scaled.jpg","datePublished":"2025-04-29T13:33:32+00:00","description":"Deux journées enrichissantes d’échanges et d’innovations autour de la mobilité, l’énergie et la digitalisation","inLanguage":"fr-FR","potentialAction":[{"@type":"ReadAction","target":["https:\/\/electro-test.be\/fr\/event\/municipalia-2024\/"]}]},{"@type":"ImageObject","inLanguage":"fr-FR","@id":"https:\/\/electro-test.be\/fr\/event\/municipalia-2024\/#primaryimage","url":"https:\/\/electro-test.be\/wp-content\/uploads\/2025\/02\/IMG_8254-2-scaled.jpg","contentUrl":"https:\/\/electro-test.be\/wp-content\/uploads\/2025\/02\/IMG_8254-2-scaled.jpg","width":2000,"height":1500},{"@type":"WebSite","@id":"https:\/\/electro-test.be\/fr\/#website","url":"https:\/\/electro-test.be\/fr\/","name":"Electro-Test","description":"","publisher":{"@id":"https:\/\/electro-test.be\/fr\/#organization"},"potentialAction":[{"@type":"SearchAction","target":{"@type":"EntryPoint","urlTemplate":"https:\/\/electro-test.be\/fr\/?s={search_term_string}"},"query-input":{"@type":"PropertyValueSpecification","valueRequired":true,"valueName":"search_term_string"}}],"inLanguage":"fr-FR"},{"@type":"Organization","@id":"https:\/\/electro-test.be\/fr\/#organization","name":"electroTEST","url":"https:\/\/electro-test.be\/fr\/","logo":{"@type":"ImageObject","inLanguage":"fr-FR","@id":"https:\/\/electro-test.be\/fr\/#\/schema\/logo\/image\/","url":"https:\/\/electro-test.be\/wp-content\/uploads\/2022\/06\/Logo_ET_NL-FR.svg","contentUrl":"https:\/\/electro-test.be\/wp-content\/uploads\/2022\/06\/Logo_ET_NL-FR.svg","width":"1024","height":"1024","caption":"electroTEST"},"image":{"@id":"https:\/\/electro-test.be\/fr\/#\/schema\/logo\/image\/"}}]}</script>
<!-- / Yoast SEO plugin. -->

Deux journées enrichissantes d’échanges et d’innovations autour de la mobilité, l’énergie et la digitalisation
