{"id":5885,"date":"2025-12-09T14:48:22","date_gmt":"2025-12-09T12:48:22","guid":{"rendered":"https:\/\/electro-test.be\/?post_type=event&#038;p=5885"},"modified":"2026-04-20T11:19:39","modified_gmt":"2026-04-20T09:19:39","slug":"municipalia-2026","status":"publish","type":"event","link":"https:\/\/electro-test.be\/fr\/event\/municipalia-2026\/","title":{"rendered":"Municipalia 2026"},"content":{"rendered":"<section class=\"l-section wpb_row height_auto\"><div class=\"l-section-h i-cf\"><div class=\"g-cols vc_row via_flex valign_top type_default stacking_default\"><div class=\"vc_col-sm-12 wpb_column vc_column_container\"><div class=\"vc_column-inner\"><div class=\"wpb_wrapper\"><div class=\"wpb_text_column\"><div class=\"wpb_wrapper\"><p class=\"\" data-start=\"67\" data-end=\"176\">Les mercredi 16 et jeudi 17 avril 2026, la 21e \u00e9dition de Municipalia se tient au WEX \u00e0 Marche-en-Famenne.<\/p>\n<p class=\"\" data-start=\"178\" data-end=\"636\">Ce salon offre une plateforme exceptionnelle o\u00f9 les mandataires et les repr\u00e9sentants des collectivit\u00e9s peuvent valoriser leurs investissements en d\u00e9couvrant des produits et services de qualit\u00e9 contribuant au bien-\u00eatre des citoyens. C&rsquo;est une occasion unique pour les entreprises de pr\u00e9senter leur savoir-faire et de rencontrer les responsables des communes, provinces, intercommunales, associations, r\u00e9gies autonomes et autres organismes d\u2019int\u00e9r\u00eat public.<\/p>\n<p class=\"\" data-start=\"638\" data-end=\"936\">Municipalia constitue un lieu propice aux rencontres et \u00e0 l\u2019\u00e9change d\u2019informations. Il r\u00e9unit des professionnels exer\u00e7ant des fonctions similaires, mais qui ont rarement l\u2019occasion de partager leurs exp\u00e9riences et leurs bonnes pratiques.<\/p>\n<p class=\"\" data-start=\"938\" data-end=\"1145\">Nous sommes ravis de vous accueillir lors de cet \u00e9v\u00e9nement. Nous vous invitons \u00e0 visiter notre stand, d\u00e9couvrir notre offre et explorer avec nous les pistes de collaboration pour l\u2019avenir de vos projets communaux.<\/p>\n<p data-start=\"1106\" data-end=\"1240\">Consultez \u00e9galement le site officiel de <a href=\"https:\/\/www.municipalia.be\/\">Municipalia.<\/a><\/p>\n<\/div><\/div><\/div><\/div><\/div><\/div><\/div><\/section>\n","protected":false},"featured_media":5574,"template":"","timing":[35],"class_list":["post-5885","event","type-event","status-publish","has-post-thumbnail","hentry","timing-afgelopen-evenementen"],"acf":[],"yoast_head":"<!-- This site is optimized with the Yoast SEO plugin v27.4 - https:\/\/yoast.com\/product\/yoast-seo-wordpress\/ -->\n<title>Municipalia 2026 - Electro-Test<\/title>\n<meta name=\"description\" content=\"Municipalia, 16-17 avril 20266 au WEX. D\u00e9couvrez des solutions pour les collectivit\u00e9s et \u00e9changez avec des experts. Plus d&#039;infos sur le website.\" \/>\n<meta name=\"robots\" content=\"index, follow, max-snippet:-1, max-image-preview:large, max-video-preview:-1\" \/>\n<link rel=\"canonical\" href=\"https:\/\/electro-test.be\/fr\/event\/municipalia-2026\/\" \/>\n<meta property=\"og:locale\" content=\"fr_FR\" \/>\n<meta property=\"og:type\" content=\"article\" \/>\n<meta property=\"og:title\" content=\"Municipalia 2026 - Electro-Test\" \/>\n<meta property=\"og:description\" content=\"Municipalia, 16-17 avril 20266 au WEX. D\u00e9couvrez des solutions pour les collectivit\u00e9s et \u00e9changez avec des experts. Plus d&#039;infos sur le website.\" \/>\n<meta property=\"og:url\" content=\"https:\/\/electro-test.be\/fr\/event\/municipalia-2026\/\" \/>\n<meta property=\"og:site_name\" content=\"Electro-Test\" \/>\n<meta property=\"article:modified_time\" content=\"2026-04-20T09:19:39+00:00\" \/>\n<meta property=\"og:image\" content=\"https:\/\/electro-test.be\/wp-content\/uploads\/2025\/02\/DSC00636-scaled.jpg\" \/>\n\t<meta property=\"og:image:width\" content=\"2000\" \/>\n\t<meta property=\"og:image:height\" content=\"1333\" \/>\n\t<meta property=\"og:image:type\" content=\"image\/jpeg\" \/>\n<meta name=\"twitter:card\" content=\"summary_large_image\" \/>\n<meta name=\"twitter:label1\" content=\"Dur\u00e9e de lecture estim\u00e9e\" \/>\n\t<meta name=\"twitter:data1\" content=\"1 minute\" \/>\n<script type=\"application\/ld+json\" class=\"yoast-schema-graph\">{\"@context\":\"https:\\\/\\\/schema.org\",\"@graph\":[{\"@type\":\"WebPage\",\"@id\":\"https:\\\/\\\/electro-test.be\\\/fr\\\/event\\\/municipalia-2026\\\/\",\"url\":\"https:\\\/\\\/electro-test.be\\\/fr\\\/event\\\/municipalia-2026\\\/\",\"name\":\"Municipalia 2026 - Electro-Test\",\"isPartOf\":{\"@id\":\"https:\\\/\\\/electro-test.be\\\/fr\\\/#website\"},\"primaryImageOfPage\":{\"@id\":\"https:\\\/\\\/electro-test.be\\\/fr\\\/event\\\/municipalia-2026\\\/#primaryimage\"},\"image\":{\"@id\":\"https:\\\/\\\/electro-test.be\\\/fr\\\/event\\\/municipalia-2026\\\/#primaryimage\"},\"thumbnailUrl\":\"https:\\\/\\\/electro-test.be\\\/wp-content\\\/uploads\\\/2025\\\/02\\\/DSC00636-scaled.jpg\",\"datePublished\":\"2025-12-09T12:48:22+00:00\",\"dateModified\":\"2026-04-20T09:19:39+00:00\",\"description\":\"Municipalia, 16-17 avril 20266 au WEX. D\u00e9couvrez des solutions pour les collectivit\u00e9s et \u00e9changez avec des experts. Plus d'infos sur le website.\",\"inLanguage\":\"fr-FR\",\"potentialAction\":[{\"@type\":\"ReadAction\",\"target\":[\"https:\\\/\\\/electro-test.be\\\/fr\\\/event\\\/municipalia-2026\\\/\"]}]},{\"@type\":\"ImageObject\",\"inLanguage\":\"fr-FR\",\"@id\":\"https:\\\/\\\/electro-test.be\\\/fr\\\/event\\\/municipalia-2026\\\/#primaryimage\",\"url\":\"https:\\\/\\\/electro-test.be\\\/wp-content\\\/uploads\\\/2025\\\/02\\\/DSC00636-scaled.jpg\",\"contentUrl\":\"https:\\\/\\\/electro-test.be\\\/wp-content\\\/uploads\\\/2025\\\/02\\\/DSC00636-scaled.jpg\",\"width\":2000,\"height\":1333},{\"@type\":\"WebSite\",\"@id\":\"https:\\\/\\\/electro-test.be\\\/fr\\\/#website\",\"url\":\"https:\\\/\\\/electro-test.be\\\/fr\\\/\",\"name\":\"Electro-Test\",\"description\":\"\",\"publisher\":{\"@id\":\"https:\\\/\\\/electro-test.be\\\/fr\\\/#organization\"},\"potentialAction\":[{\"@type\":\"SearchAction\",\"target\":{\"@type\":\"EntryPoint\",\"urlTemplate\":\"https:\\\/\\\/electro-test.be\\\/fr\\\/?s={search_term_string}\"},\"query-input\":{\"@type\":\"PropertyValueSpecification\",\"valueRequired\":true,\"valueName\":\"search_term_string\"}}],\"inLanguage\":\"fr-FR\"},{\"@type\":\"Organization\",\"@id\":\"https:\\\/\\\/electro-test.be\\\/fr\\\/#organization\",\"name\":\"electroTEST\",\"url\":\"https:\\\/\\\/electro-test.be\\\/fr\\\/\",\"logo\":{\"@type\":\"ImageObject\",\"inLanguage\":\"fr-FR\",\"@id\":\"https:\\\/\\\/electro-test.be\\\/fr\\\/#\\\/schema\\\/logo\\\/image\\\/\",\"url\":\"https:\\\/\\\/electro-test.be\\\/wp-content\\\/uploads\\\/2022\\\/06\\\/Logo_ET_NL-FR.svg\",\"contentUrl\":\"https:\\\/\\\/electro-test.be\\\/wp-content\\\/uploads\\\/2022\\\/06\\\/Logo_ET_NL-FR.svg\",\"width\":\"1024\",\"height\":\"1024\",\"caption\":\"electroTEST\"},\"image\":{\"@id\":\"https:\\\/\\\/electro-test.be\\\/fr\\\/#\\\/schema\\\/logo\\\/image\\\/\"}}]}<\/script>\n<!-- \/ Yoast SEO plugin. -->","yoast_head_json":{"title":"Municipalia 2026 - Electro-Test","description":"Municipalia, 16-17 avril 20266 au WEX. D\u00e9couvrez des solutions pour les collectivit\u00e9s et \u00e9changez avec des experts. Plus d'infos sur le website.","robots":{"index":"index","follow":"follow","max-snippet":"max-snippet:-1","max-image-preview":"max-image-preview:large","max-video-preview":"max-video-preview:-1"},"canonical":"https:\/\/electro-test.be\/fr\/event\/municipalia-2026\/","og_locale":"fr_FR","og_type":"article","og_title":"Municipalia 2026 - Electro-Test","og_description":"Municipalia, 16-17 avril 20266 au WEX. D\u00e9couvrez des solutions pour les collectivit\u00e9s et \u00e9changez avec des experts. Plus d'infos sur le website.","og_url":"https:\/\/electro-test.be\/fr\/event\/municipalia-2026\/","og_site_name":"Electro-Test","article_modified_time":"2026-04-20T09:19:39+00:00","og_image":[{"width":2000,"height":1333,"url":"https:\/\/electro-test.be\/wp-content\/uploads\/2025\/02\/DSC00636-scaled.jpg","type":"image\/jpeg"}],"twitter_card":"summary_large_image","twitter_misc":{"Dur\u00e9e de lecture estim\u00e9e":"1 minute"},"schema":{"@context":"https:\/\/schema.org","@graph":[{"@type":"WebPage","@id":"https:\/\/electro-test.be\/fr\/event\/municipalia-2026\/","url":"https:\/\/electro-test.be\/fr\/event\/municipalia-2026\/","name":"Municipalia 2026 - Electro-Test","isPartOf":{"@id":"https:\/\/electro-test.be\/fr\/#website"},"primaryImageOfPage":{"@id":"https:\/\/electro-test.be\/fr\/event\/municipalia-2026\/#primaryimage"},"image":{"@id":"https:\/\/electro-test.be\/fr\/event\/municipalia-2026\/#primaryimage"},"thumbnailUrl":"https:\/\/electro-test.be\/wp-content\/uploads\/2025\/02\/DSC00636-scaled.jpg","datePublished":"2025-12-09T12:48:22+00:00","dateModified":"2026-04-20T09:19:39+00:00","description":"Municipalia, 16-17 avril 20266 au WEX. D\u00e9couvrez des solutions pour les collectivit\u00e9s et \u00e9changez avec des experts. Plus d'infos sur le website.","inLanguage":"fr-FR","potentialAction":[{"@type":"ReadAction","target":["https:\/\/electro-test.be\/fr\/event\/municipalia-2026\/"]}]},{"@type":"ImageObject","inLanguage":"fr-FR","@id":"https:\/\/electro-test.be\/fr\/event\/municipalia-2026\/#primaryimage","url":"https:\/\/electro-test.be\/wp-content\/uploads\/2025\/02\/DSC00636-scaled.jpg","contentUrl":"https:\/\/electro-test.be\/wp-content\/uploads\/2025\/02\/DSC00636-scaled.jpg","width":2000,"height":1333},{"@type":"WebSite","@id":"https:\/\/electro-test.be\/fr\/#website","url":"https:\/\/electro-test.be\/fr\/","name":"Electro-Test","description":"","publisher":{"@id":"https:\/\/electro-test.be\/fr\/#organization"},"potentialAction":[{"@type":"SearchAction","target":{"@type":"EntryPoint","urlTemplate":"https:\/\/electro-test.be\/fr\/?s={search_term_string}"},"query-input":{"@type":"PropertyValueSpecification","valueRequired":true,"valueName":"search_term_string"}}],"inLanguage":"fr-FR"},{"@type":"Organization","@id":"https:\/\/electro-test.be\/fr\/#organization","name":"electroTEST","url":"https:\/\/electro-test.be\/fr\/","logo":{"@type":"ImageObject","inLanguage":"fr-FR","@id":"https:\/\/electro-test.be\/fr\/#\/schema\/logo\/image\/","url":"https:\/\/electro-test.be\/wp-content\/uploads\/2022\/06\/Logo_ET_NL-FR.svg","contentUrl":"https:\/\/electro-test.be\/wp-content\/uploads\/2022\/06\/Logo_ET_NL-FR.svg","width":"1024","height":"1024","caption":"electroTEST"},"image":{"@id":"https:\/\/electro-test.be\/fr\/#\/schema\/logo\/image\/"}}]}},"_links":{"self":[{"href":"https:\/\/electro-test.be\/fr\/wp-json\/wp\/v2\/event\/5885","targetHints":{"allow":["GET"]}}],"collection":[{"href":"https:\/\/electro-test.be\/fr\/wp-json\/wp\/v2\/event"}],"about":[{"href":"https:\/\/electro-test.be\/fr\/wp-json\/wp\/v2\/types\/event"}],"wp:featuredmedia":[{"embeddable":true,"href":"https:\/\/electro-test.be\/fr\/wp-json\/wp\/v2\/media\/5574"}],"wp:attachment":[{"href":"https:\/\/electro-test.be\/fr\/wp-json\/wp\/v2\/media?parent=5885"}],"wp:term":[{"taxonomy":"timing","embeddable":true,"href":"https:\/\/electro-test.be\/fr\/wp-json\/wp\/v2\/timing?post=5885"}],"curies":[{"name":"wp","href":"https:\/\/api.w.org\/{rel}","templated":true}]}}

<section class="l-section wpb_row height_auto"><div class="l-section-h i-cf"><div class="g-cols vc_row via_flex valign_top type_default stacking_default"><div class="vc_col-sm-12 wpb_column vc_column_container"><div class="vc_column-inner"><div class="wpb_wrapper"><div class="wpb_text_column"><div class="wpb_wrapper"><p class="" data-start="67" data-end="176">Les mercredi 16 et jeudi 17 avril 2026, la 21e édition de Municipalia se tient au WEX à Marche-en-Famenne.</p>
<p class="" data-start="178" data-end="636">Ce salon offre une plateforme exceptionnelle où les mandataires et les représentants des collectivités peuvent valoriser leurs investissements en découvrant des produits et services de qualité contribuant au bien-être des citoyens. C&rsquo;est une occasion unique pour les entreprises de présenter leur savoir-faire et de rencontrer les responsables des communes, provinces, intercommunales, associations, régies autonomes et autres organismes d’intérêt public.</p>
<p class="" data-start="638" data-end="936">Municipalia constitue un lieu propice aux rencontres et à l’échange d’informations. Il réunit des professionnels exerçant des fonctions similaires, mais qui ont rarement l’occasion de partager leurs expériences et leurs bonnes pratiques.</p>
<p class="" data-start="938" data-end="1145">Nous sommes ravis de vous accueillir lors de cet événement. Nous vous invitons à visiter notre stand, découvrir notre offre et explorer avec nous les pistes de collaboration pour l’avenir de vos projets communaux.</p>
<p data-start="1106" data-end="1240">Consultez également le site officiel de <a href="https://www.municipalia.be/">Municipalia.</a></p>
</div></div></div></div></div></div></div></section>

<!-- This site is optimized with the Yoast SEO plugin v27.4 - https://yoast.com/product/yoast-seo-wordpress/ -->
<title>Municipalia 2026 - Electro-Test</title>
<meta name="description" content="Municipalia, 16-17 avril 20266 au WEX. Découvrez des solutions pour les collectivités et échangez avec des experts. Plus d&#039;infos sur le website." />
<meta name="robots" content="index, follow, max-snippet:-1, max-image-preview:large, max-video-preview:-1" />
<link rel="canonical" href="https://electro-test.be/fr/event/municipalia-2026/" />
<meta property="og:locale" content="fr_FR" />
<meta property="og:type" content="article" />
<meta property="og:title" content="Municipalia 2026 - Electro-Test" />
<meta property="og:description" content="Municipalia, 16-17 avril 20266 au WEX. Découvrez des solutions pour les collectivités et échangez avec des experts. Plus d&#039;infos sur le website." />
<meta property="og:url" content="https://electro-test.be/fr/event/municipalia-2026/" />
<meta property="og:site_name" content="Electro-Test" />
<meta property="article:modified_time" content="2026-04-20T09:19:39+00:00" />
<meta property="og:image" content="https://electro-test.be/wp-content/uploads/2025/02/DSC00636-scaled.jpg" />
	<meta property="og:image:width" content="2000" />
	<meta property="og:image:height" content="1333" />
	<meta property="og:image:type" content="image/jpeg" />
<meta name="twitter:card" content="summary_large_image" />
<meta name="twitter:label1" content="Durée de lecture estimée" />
	<meta name="twitter:data1" content="1 minute" />
<script type="application/ld+json" class="yoast-schema-graph">{"@context":"https:\/\/schema.org","@graph":[{"@type":"WebPage","@id":"https:\/\/electro-test.be\/fr\/event\/municipalia-2026\/","url":"https:\/\/electro-test.be\/fr\/event\/municipalia-2026\/","name":"Municipalia 2026 - Electro-Test","isPartOf":{"@id":"https:\/\/electro-test.be\/fr\/#website"},"primaryImageOfPage":{"@id":"https:\/\/electro-test.be\/fr\/event\/municipalia-2026\/#primaryimage"},"image":{"@id":"https:\/\/electro-test.be\/fr\/event\/municipalia-2026\/#primaryimage"},"thumbnailUrl":"https:\/\/electro-test.be\/wp-content\/uploads\/2025\/02\/DSC00636-scaled.jpg","datePublished":"2025-12-09T12:48:22+00:00","dateModified":"2026-04-20T09:19:39+00:00","description":"Municipalia, 16-17 avril 20266 au WEX. Découvrez des solutions pour les collectivités et échangez avec des experts. Plus d'infos sur le website.","inLanguage":"fr-FR","potentialAction":[{"@type":"ReadAction","target":["https:\/\/electro-test.be\/fr\/event\/municipalia-2026\/"]}]},{"@type":"ImageObject","inLanguage":"fr-FR","@id":"https:\/\/electro-test.be\/fr\/event\/municipalia-2026\/#primaryimage","url":"https:\/\/electro-test.be\/wp-content\/uploads\/2025\/02\/DSC00636-scaled.jpg","contentUrl":"https:\/\/electro-test.be\/wp-content\/uploads\/2025\/02\/DSC00636-scaled.jpg","width":2000,"height":1333},{"@type":"WebSite","@id":"https:\/\/electro-test.be\/fr\/#website","url":"https:\/\/electro-test.be\/fr\/","name":"Electro-Test","description":"","publisher":{"@id":"https:\/\/electro-test.be\/fr\/#organization"},"potentialAction":[{"@type":"SearchAction","target":{"@type":"EntryPoint","urlTemplate":"https:\/\/electro-test.be\/fr\/?s={search_term_string}"},"query-input":{"@type":"PropertyValueSpecification","valueRequired":true,"valueName":"search_term_string"}}],"inLanguage":"fr-FR"},{"@type":"Organization","@id":"https:\/\/electro-test.be\/fr\/#organization","name":"electroTEST","url":"https:\/\/electro-test.be\/fr\/","logo":{"@type":"ImageObject","inLanguage":"fr-FR","@id":"https:\/\/electro-test.be\/fr\/#\/schema\/logo\/image\/","url":"https:\/\/electro-test.be\/wp-content\/uploads\/2022\/06\/Logo_ET_NL-FR.svg","contentUrl":"https:\/\/electro-test.be\/wp-content\/uploads\/2022\/06\/Logo_ET_NL-FR.svg","width":"1024","height":"1024","caption":"electroTEST"},"image":{"@id":"https:\/\/electro-test.be\/fr\/#\/schema\/logo\/image\/"}}]}</script>
<!-- / Yoast SEO plugin. -->

Municipalia, 16-17 avril 20266 au WEX. Découvrez des solutions pour les collectivités et échangez avec des experts. Plus d'infos sur le website.
